 78.
4
What is the remainder when 222 is divided by 78?
66
Calculate the remainder when 2684 is divided by 12.
8
Calculate the remainder when 811 is divided by 28.
27
What is the remainder when 35 is divided by 21?
14
What is the remainder when 334 is divided by 19?
11
Calculate the remainder when 129 is divided by 54.
21
Calculate the remainder when 2293 is divided by 19.
13
Calculate the remainder when 374 is divided by 9.
5
What is the remainder when 63 is divided by 24?
15
What is the remainder when 35341 is divided by 187?
185
What is the remainder when 6471 is divided by 20?
11
What is the remainder when 592 is divided by 146?
8
What is the remainder when 1894 is divided by 136?
126
Calculate the remainder when 382 is divided by 48.
46
What is the remainder when 109 is divided by 34?
7
Calculate the remainder when 123 is divided by 33.
24
Calculate the remainder when 4276 is divided by 63.
55
Calculate the remainder when 1824 is divided by 87.
84
Calculate the remainder when 544 is divided by 14.
12
Calculate the remainder when 1029 is divided by 448.
133
What is the remainder when 75 is divided by 7?
5
Calculate the remainder when 465 is divided by 156.
153
What is the remainder when 571 is divided by 112?
11
What is the remainder when 292 is divided by 49?
47
Calculate the remainder when 493 is divided by 222.
49
What is the remainder when 110 is divided by 27?
2
Calculate the remainder when 761 is divided by 146.
31
What is the remainder when 182 is divided by 23?
21
Calculate the remainder when 2866 is divided by 29.
24
What is the remainder when 532 is divided by 42?
28
Calculate the remainder when 569 is divided by 472.
97
Calculate the remainder when 70 is divided by 65.
5
What is the remainder when 687 is divided by 23?
20
Calculate the remainder when 58 is divided by 31.
27
Calculate the remainder when 1685 is divided by 12.
5
What is the remainder when 611 is divided by 11?
6
What is the remainder when 101 is divided by 46?
9
What is the remainder when 247 is divided by 116?
15
What is the remainder when 69 is divided by 15?
9
Calculate the remainder when 665 is divided by 61.
55
What is the remainder when 375 is divided by 48?
39
Calculate the remainder when 11 is divided by 5.
1
What is the remainder when 390 is divided by 7?
5
Calculate the remainder when 225 is divided by 30.
15
Calculate the remainder when 162 is divided by 60.
42
Calculate the remainder when 953 is divided by 18.
17
What is the remainder when 281 is divided by 24?
17
What is the remainder when 135 is divided by 37?
24
Calculate the remainder when 49 is divided by 33.
16
What is the remainder when 239 is divided by 41?
34
What is the remainder when 1222 is divided by 79?
37
Calculate the remainder when 668 is divided by 634.
34
What is the remainder when 1982 is divided by 942?
98
Calculate the remainder when 199 is divided by 17.
12
What is the remainder when 1667 is divided by 555?
2
Calculate the remainder when 47 is divided by 35.
12
Calculate the remainder when 463 is divided by 31.
29
What is the remainder when 5873 is divided by 113?
110
Calculate the remainder when 442 is divided by 95.
62
What is the remainder when 636 is divided by 13?
12
Calculate the remainder when 384 is divided by 5.
4
What is the remainder when 221 is divided by 5?
1
Calculate the remainder when 115 is divided by 39.
37
Calculate the remainder when 284 is divided by 32.
28
Calculate the remainder when 1202 is divided by 14.
12
What is the remainder when 230 is divided by 213?
17
What is the remainder when 223 is divided by 200?
23
What is the remainder when 316 is divided by 44?
8
What is the remainder when 126 is divided by 17?
7
What is the remainder when 1658 is divided by 74?
30
Calculate the remainder when 319 is divided by 116.
87
What is the remainder when 142 is divided by 24?
22
Calculate the remainder when 3 is divided by 2.
1
Calculate the remainder when 267 is divided by 211.
56
What is the remainder when 34 is divided by 4?
2
What is the remainder when 235 is divided by 52?
27
What is the remainder when 2733 is divided by 40?
13
What is the remainder when 219 is divided by 57?
48
What is the remainder when 691 is divided by 17?
11
What is the remainder when 1213 is divided by 27?
25
What is the remainder when 237 is divided by 78?
3
What is the remainder when 813 is divided by 24?
21
What is the remainder when 86 is divided by 10?
6
Calculate the remainder when 61 is divided by 31.
30
What is the remainder when 898 is divided by 31?
30
Calculate the remainder when 3047 is divided by 61.
58
What is the remainder when 813 is divided by 260?
33
What is the remainder when 54 is divided by 29?
25
Calculate the remainder when 632 is divided by 45.
2
What is the remainder when 177 is divided by 37?
29
Calculate the remainder when 612 is divided by 30.
12
Calculate the remainder when 264 is divided by 68.
60
What is the remainder when 6041 is divided by 106?
105
What is the remainder when 416 is divided by 204?
8
Calculate the remainder when 27809 is divided by 206.
205
What is the remainder when 281 is divided by 95?
91
What is the remainder when 1219 is divided by 37?
35
What is the remainder when 1793 is divided by 140?
113
What is the remainder when 29 is divided by 7?
1
What is the remainder when 388 is divided by 155?
78
What is the remainder when 1151 is divided by 192?
191
What is the remainder when 84 is divided by 43?
41
What is the remainder when 1761 is divided by 36?
33
What is the remainder when 538 is divided by 10?
8
Calculate the remainder when 577 is divided by 192.
1
What is the remainder when 290 is divided by 73?
71
Calculate the remainder when 35598 is divided by 16.
14
What is the remainder when 26 is divided by 12?
2
What is the remainder when 219 is divided by 14?
9
Calculate the remainder when 691 is divided by 156.
67
What is the remainder when 3458 is divided by 72?
2
Calculate the remainder when 55 is divided by 8.
7
What is the remainder when 539 is divided by 32?
27
What is the remainder when 122 is divided by 75?
47
What is the remainder when 464 is divided by 120?
104
Calculate the remainder when 102 is divided by 58.
44
What is the remainder when 1819 is divided by 186?
145
What is the remainder when 48 is divided by 17?
14
Calculate the remainder when 117 is divided by 1.
0
What is the remainder when 446 is divided by 27?
14
Calculate the remainder when 1256 is divided by 14.
10
What is the remainder when 6382 is divided by 133?
131
Calculate the remainder when 357 is divided by 180.
177
Calculate the remainder when 242 is divided by 41.
37
What is the remainder when 393 is divided by 40?
33
What is the remainder when 785 is divided by 734?
51
What is the remainder when 93 is divided by 8?
5
Calculate the remainder when 121 is divided by 24.
1
What is the remainder when 5581 is divided by 37?
31
Calculate the remainder when 654 is divided by 89.
31
Calculate the remainder when 479 is divided by 110.
39
What is the remainder when 12100 is divided by 1512?
4
Calculate the remainder when 328 is divided by 4.
0
Calculate the remainder when 67 is divided by 31.
5
Calculate the remainder when 785 is divided by 258.
11
Calculate the remainder when 451 is divided by 142.
25
Calculate the remainder when 130 is divided by 37.
19
Calculate the remainder when 285 is divided by 29.
24
What is the remainder when 1103 is divided by 218?
13
Calculate the remainder when 455 is divided by 24.
23
What is the remainder when 572 is divided by 215?
142
What is the remainder when 586 is divided by 146?
2
What is the remainder when 297 is divided by 25?
22
What is the remainder when 118 is divided by 21?
13
What is the remainder when 1827 is divided by 230?
217
Calculate the remainder when 171 is divided by 22.
17
Calculate the remainder when 100 is divided by 43.
14
Calculate the remainder when 770 is divided by 60.
50
What is the remainder when 674 is divided by 76?
66
Calculate the remainder when 289 is divided by 56.
9
Calculate the remainder when 1096 is divided by 38.
32
Calculate the remainder when 7078 is divided by 24.
22
Calculate the remainder when 699 is divided by 39.
36
What is the remainder when 78 is divided by 46?
32
Calculate the remain